15. Calculate i(-48).
-7
Let w(b) = 2*b**3 + 20*b**2 + 439*b - 3740. Determine w(6).
46
Let k(w) = 4426*w - 92960. What is k(21)?
-14
Let z(h) = 15*h**3 - h**2 - 12*h - 18. Give z(2).
74
Let d(x) = -5*x**2 + 681*x + 5452. Give d(148).
-3280
Let l(y) = -2*y**3 + 151*y**2 + 388*y + 331. Determine l(78).
175
Let s(i) = 147*i + 337. Give s(-3).
-104
Let w(d) = -d**3 - 141*d**2 - 1304*d + 176. Determine w(-131).
-610
Let a(z) = z**2 - 13*z - 3334. Give a(73).
1046
Let v(g) = -92*g**3 - 38*g**2 + 68*g - 30. What is v(1)?
-92
Let i(b) = -946*b + 5148. Determine i(6).
-528
Let o(r) = -132*r**2 - 791*r + 25. Calculate o(-6).
19
Let r(t) = -1686*t - 33202. What is r(-20)?
518
Let k(i) = -20*i**2 + 56*i + 999. Calculate k(-13).
-3109
Let r(w) = -9*w**3 - 22*w - 42. Give r(-5).
1193
Let k(y) = 2317*y - 14054. Determine k(6).
-152
Let n(h) = -31*h**3 + 76*h**2 - 144*h + 3. What is n(2)?
-229
Let w(p) = -382858*p - 1914299. Calculate w(-5).
-9
Let r(y) = 7524*y + 130371. Determine r(-17).
2463
Let m(j) = -j**2 + 20889*j + 480747. Determine m(-23).
-229
Let g(q) = -270813*q - 541601. Calculate g(-2).
25
Let d(n) = -73*n**2 - 9488*n + 228. Determine d(-130).
-32
Let w(k) = 21025*k - 21078. Determine w(1).
-53
Let r(m) = -3142*m + 25197. Calculate r(8).
61
Let y(v) = 8542*v - 76840. What is y(9)?
38
Let o(j) = -2704*j - 48689. What is o(-18)?
-17
Let j(f) = -84*f**2 + 821*f + 21. Determine j(10).
-169
Let v(w) = 4*w**2 + 68*w - 7. Give v(-10).
-287
Let q(x) = -4*x**3 + 86*x**2 + 383*x - 5639. Give q(23).
-4
Let o(c) = -5*c**2 + 806*c + 5635. Give o(-7).
-252
Let g(j) = 3*j**3 + 246*j**2 - 30*j - 2453. Calculate g(-82).
7
Let n(v) = -v**3 + 46*v**2 - 155*v - 8602. Give n(34).
0
Let h(y) = -17*y**2 + 170*y + 1216. Give h(-7).
-807
Let m(i) = -43*i**2 - 552*i - 1756. Give m(-7).
1
Let r(z) = 2421*z + 21824. Determine r(-9).
35
Let j(d) = 8231*d - 592546. What is j(72)?
86
Let n(r) = -2*r**3 - 164*r**2 + 2*r + 315. What is n(-82)?
151
Let p(j) = 136*j**2 - 1125*j - 4. Determine p(8).
-300
Let p(d) = 25*d**2 - 1826*d + 7022. Calculate p(69).
53
Let u(f) = 10856*f + 1715252. Determine u(-158).
4
Let i(o) = 12*o**2 - 27*o - 319. Determine i(-13).
2060
Let m(b) = -443*b**3 - 7542*b**2 - 193*b - 85. Determine m(-17).
17
Let y(i) = 177556*i - 4083815. What is y(23)?
-27
Let y(j) = 527566*j + 10551326. Give y(-20).
6
Let t(n) = -86486*n + 1383783. Give t(16).
7
Let v(q) = q**3 - 242*q**2 - 8*q + 1941. Determine v(242).
5
Let w(c) = 4*c**2 + 11*c + 105. Determine w(0).
105
Let h(g) = g**3 - 94*g**2 - 84*g + 7911. Give h(94).
15
Let j(b) = -7*b**2 - 41947*b - 41941. Determine j(-1).
-1
Let h(m) = -35793*m + 251861. What is h(7)?
1310
Let f(o) = 330*o**2 - 2585*o + 7721. Calculate f(3).
2936
Let i(j) = -6*j**3 - 172*j**2 + 332*j + 22. Give i(2).
-50
Let x(i) = -3*i**3 + 58*i**2 + 203*i - 3248. Give x(20).
12
Let v(k) = -747*k + 39318. Determine v(53).
-273
Let i(c) = -2579*c + 98045. Calculate i(38).
43
Let g(f) = -24*f**2 + 96*f + 403. What is g(9)?
-677
Let w(c) = 547*c + 134572. Determine w(-246).
10
Let c(x) = x**2 - 55*x + 1322. What is c(-31)?
3988
Let d(j) = -49*j - 540. Determine d(-5).
-295
Let g(b) = -26*b**2 - 173*b + 253. Give g(2).
-197
Let h(c) = -8*c**2 + 1467*c + 11640. What is h(-8)?
-608
Let m(g) = 4*g**2 - 69*g - 163926. Calculate m(-194).
4
Let g(q) = -5*q**2 - 1158*q - 10913. Calculate g(-224).
-2401
Let n(w) = w**3 + 9*w**2 - 23*w + 362. Calculate n(-13).
-15
Let x(j) = -j**3 + 135*j**2 + 5950*j - 9. What is x(170)?
-9
Let x(i) = -7634*i - 206108. What is x(-27)?
10
Let a(r) = -80*r - 15811. Calculate a(-186).
-931
Let h(j) = j**2 + 68*j + 1072. Calculate h(-44).
16
Let l(d) = 84796*d**2 - 1187158*d + 199. Determine l(14).
3
Let w(c) = -c**3 + 246*c**2 - 700*c - 113. Give w(3).
-26
Let l(f) = 33*f**2 + 1658*f + 7281. What is l(-5)?
-184
Let l(m) = 3017*m + 96507. Determine l(-32).
-37
Let n(q) = 10*q**2 - 41960*q + 41959. What is n(1)?
9
Let l(w) = 16641*w + 49925. Determine l(-3).
2
Let w(f) = -4031*f - 32266. Give w(-8).
-18
Let u(v) = -11607*v - 185963. Calculate u(-16).
-251
Let g(f) = 1016*f - 717288. What is g(706)?
8
Let o(t) = t**2 + 393*t - 21565. Determine o(49).
93
Let l(f) = -f**2 - 52*f - 900. Give l(-14).
-368
Let q(i) = 25*i**2 - 44*i - 55. What is q(3)?
38
Let f(o) = 11*o**3 + 1550*o**2 - 135*o + 817. Calculate f(-141).
-29
Let x(g) = -147*g - 7859. What is x(-53)?
-68
Let z(l) = 10*l**2 + 1820*l - 78467. Calculate z(36).
13
Let m(w) = -4222*w + 17258. Calculate m(4).
370
Let q(j) = -636*j + 24701. Give q(39).
-103
Let k(q) = -q**2 - 23880*q - 310284. Determine k(-13).
-13
Let a(f) = -6*f**2 - 1061*f - 1017. Calculate a(-176).
-137
Let i(j) = j**2 - 3*j - 1148. Calculate i(35).
-28
Let d(y) = -5*y**2 - 6*y - 1. Determine d(3).
-64
Let t(b) = -1545*b + 9138. Determine t(6).
-132
Let b(y) = -31789*y + 2924626. Calculate b(92).
38
Let w(q) = 489*q**2 - 1542*q + 257. Determine w(3).
32
Let n(f) = -f**3 + 696*f**2 + 684*f + 9063. What is n(697)?
2
Let q(w) = w**3 + 7*w**2 - 1448*w - 13012. Give q(-9).
-142
Let m(o) = -628*o**2 - 33908*o + 213. Give m(-54).
-3
Let p(c) = 225199*c + 2251983. What is p(-10)?
-7
Let l(h) = -h**2 - 3057*h - 246844. Calculate l(-83).
-2
Let l(i) = 55958*i + 223839. What is l(-4)?
7
Let c(i) = i**2 - 22*i - 98288. Calculate c(325).
187
Let s(v) = 7*v**2 - 400*v - 8952. Calculate s(-24).
4680
Let k(p) = -1873986*p - 1873995. Give k(-1).
-9
Let z(x) = x**3 + 120*x**2 - 1819*x - 789. Determine z(14).
9
Let y(n) = 127146*n - 2924377. Calculate y(23).
-19
Let y(f) = -3913*f - 46878. Calculate y(-12).
78
Let x(b) = -8*b + 1928. Determine x(241).
0
Let s(y) = y**2 - 7*y - 14378. What is s(-116)?
-110
Let i(d) = -4*d**2 - 6523*d + 8. Determine i(0).
8
Let a(r) = 18753*r - 468825. What is a(25)?
0
Let m(l) = 3225*l - 270896. Calculate m(84).
4
Let p(w) = -w**2 + 736*w + 67076. Determine p(-82).
0
Let q(l) = -81*l**3 + 11090*l**2 + 943*l + 2202. What is q(137)?
10
Let k(s) = 5340*s - 197565. Give k(37).
15
Let w(f) = -1051968*f + 10519682. Determine w(10).
2
Let y(n) = 50*n**2 + 1173*n + 1177. Calculate y(-1).
54
Let q(u) = 164479*u - 6085716. Calculate q(37).
7
Let p(v) = -v**3 + 26*v**2 + 918*v + 4749. Calculate p(-15).
204
Let f(r) = r**3 - 384*r**2 - 787*r + 5783. Determine f(386).
-7
Let o(q) = -3*q**2 + 537592*q + 7. What is o(0)?
7
Let l(y) = -5731*y + 68665. Determine l(12).
-107
Let f(g) = -5*g**2 + 456*g - 1367. What is f(3)?
-44
Let m(r) = 3*r**2 - 795*r - 35008. What is m(303)?
-466
Let j(p) = 2*p**3 - 446*p**2 + 413*p + 6897. Determine j(222).
15
Let k(h) = -h**3 + 7*h**2 - 30*h + 82. Calculate k(3).
28
Let y(p) = -1200*p + 41881. Give y(35).
-119
Let a(f) = 14675*f + 72683. What is a(-5)?
-692
Let m(y) = 5*y**2 + 3306*y + 85. Give m(0).
85
Let p(k) = 2*k**3 - 138*k**2 - 112*k + 7767. Determine p(69).
39
Let f(h) = 27*h**2 - 1336*h + 1332. Give f(1).
23
Let m(j) = -7*j**2 - 42693*j + 256115. Determine m(6).
-295
Let w(u) = 654*u**2 - 81095*u - 125. What is w(124)?
-1
Let o(d) = 2*d**2 + 843*d + 58997. What is o(-333)?
56
Let w(a) = -2631*a - 14250. Give w(-4).
-3726
Let m(o) = -o**3 - 2*o**2 - 3823*o - 7645. Determine m(-2).
1
Let m(p) = -313501*p - 3761986. Calculate m(-12).
26
Let g(a) = 8*a**3 + 17*a**2 - 67*a - 106. Give g(-3).
32
Let b(h) = -254095*h + 2795108. Calculate b(11).
63
Let o(w) = w**3 - 27*w**2 + 19389*w - 543676. Give o(28).
0
Let f(x) = 8*x**3 + 2*x**2 + 81*x + 296. Give f(-4).
-508
Let p(y) = y**3 + 16*y**2 + 99*y + 2023. What is p(-12)?
1411
Let z(h) = 1166*h - 6877. Calculate z(6).
119
Let m(c) = -13*c**2 - 8355*c - 66024. What is m(-8)?
-16
Let j(k) = 3*k**2 + 471*k - 404. Calculate j(-158).
70
Let i(y) = 20*y**2 - 33*y - 130. Calculate i(-5).
535
Let r(p) = -5796*p + 353626. What is r(61)?
70
Let m(v) = -28*v**3 + 7*v**2 + 534*v - 1678. Give m(3).
-769
Let m(c) = -119*c**3 - 17*c**2 + 16*c + 35. Calculate m(2).
-953
Let z(t) = 2925*t + 40751. Determine z(-14).
-199
Let l(v) = -v**3 + 29*v**2 - 120*v + 1068. Determine l(25).
568
Let z(p) = 66*p**2 + 42*p + 87. Give z(-4).
975
Let p(h) = 12837*h + 1334826. Determine p(-104).
-222
Let n(t) = -521*t + 16179. What is n(31)?
28
Let z(g) = g**2 + 34*g - 2193. Give z(34).
119
Let a(p) = -1095*p - 701891. What is a(-641)?
4
Let b(j) = -8*j**3